 (-2)/s. Suppose -4*u + 12 = p, 0*p + 2*u = y*p - 102. What is the greatest common factor of 36 and p?
12
Let s be (12/(-10))/(21/525). Let k(y) = -13*y + 65. Let h be k(s). Calculate the highest common divisor of 35 and h.
35
Let u be (3/(-6))/((-3)/78). Let m(j) = -j**3 + 22*j**2 - 17*j. Let y be m(20). Suppose -2605 = -15*z - y. Calculate the highest common factor of z and u.
13
Let p(n) = -2*n - 17. Let z be p(-13). Suppose -4*t - 180 = -z*t. Calculate the highest common divisor of 4 and t.
4
Let r = -241 + 286. Let z = r + 13. What is the highest common factor of 145 and z?
29
Suppose -4*g = x - 301 - 1550, 4*g + 1875 = x. Calculate the highest common divisor of 729 and x.
81
Let l be (-6 - -4)*(-1)/2. Suppose a = -3*o + 20 + l, -a + 15 = o. Suppose -3*p = -m - 19, -p + m = -m + 2. What is the highest common factor of a and p?
4
Let t(m) = 2*m + 15. Let w = -59 + 52. Let u be t(w). Let o be (u + -11)*15/(-10). What is the greatest common divisor of 3 and o?
3
Suppose -727 = 3*b - 5*u, 3*u = -b - 4 - 215. Let d = -128 - b. Let l = -80 + d. What is the greatest common factor of l and 130?
26
Let w = 145 + 46. Suppose 2*t - w + 73 = -2*q, -q - 3*t + 63 = 0. Calculate the highest common divisor of 57 and q.
57
Let h = -198950 + 198974. Let o(f) = -2*f + 1 - 3*f + 4*f. Let l be o(-7). Calculate the greatest common factor of l and h.
8
Suppose 0 = -6*d - 20*d + 104. Suppose -d*p + 184 = 4*z - 8*z, -184 = -4*p + 3*z. Calculate the greatest common factor of p and 46.
46
Let j(d) be the first derivative of d**3/3 + 3*d**2 - 47*d + 99. Let f be j(-19). Calculate the highest common factor of f and 8.
8
Let m be ((-20856)/(-4))/((-130)/(-65)). What is the highest common factor of 33 and m?
33
Let r be (-3264)/170*260/(-6). Calculate the greatest common divisor of 1352 and r.
104
Let p(w) = 4*w**2 - 37*w + 50. Let i be p(10). Calculate the greatest common divisor of 1880 and i.
40
Suppose 4*h + 6*y - 209 = y, -h + 5*y + 46 = 0. Calculate the highest common divisor of 1411 and h.
17
Suppose -3*k - t + 1268 = 0, 5*k - 69*t - 2117 = -67*t. Let s = k + -409. Let v = -226 - -324. Calculate the greatest common factor of v and s.
14
Let r(q) = -190*q - 1. Let b be r(-1). Suppose 2301 = 76*g - 5679. Calculate the highest common factor of g and b.
21
Let l be (36 - 2)*(-5)/((-40)/12). Let m be (-80)/(-16)*(0 + 1). Suppose -n = -m*b - 6*n + 115, l = 2*b + 3*n. Calculate the highest common factor of b and 2.
2
Let p(c) = -5*c - 3. Let s be p(-7). Let n(k) = 31*k**3 - 122*k**2 + 9*k - 66. Let o be n(4). What is the highest common divisor of s and o?
2
Suppose -y + 4*y - 15 = 0. Suppose 2*b + 3*b - 20 = -f, 3*f = b - 4. Suppose -y*a + 2*a + 15 = f. What is the highest common divisor of a and 5?
5
Suppose -6*x + 3*x = 39. Let a = 13 - x. Let t be (a - 24)/(1/78). What is the highest common divisor of 12 and t?
12
Let r(s) = 6*s**2 + 215*s - 53. Let i be r(-38). What is the highest common factor of i and 72?
9
Suppose h + 4*t = 3, -2*t - 26 - 33 = -5*h. Calculate the greatest common factor of h and 4851.
11
Let m(g) = 9*g + 160. Let x(j) = -7*j - 160. Let u(y) = 3*m(y) + 2*x(y). Let r be u(-12). What is the highest common factor of r and 9?
1
Suppose -26 = 2*m + w, -m = 4*m - 3*w + 76. Let i be (m/3)/(4/(-126)). Suppose 3*j + i = 390. What is the highest common divisor of 27 and j?
27
Let p be (117/15)/1 + 1/5. Let c be (1 + -2 + 2)*p. Let j be 5*5/75*3. What is the highest common divisor of c and j?
1
Let u = 49 + -4. Suppose -q = -10*q + u. Suppose 3*o = -q*o + 8. What is the highest common factor of o and 9?
1
Let l = -370 - -378. Let d be 1958/8 + (-3)/4. Suppose 5*a + d + 133 = 4*r, r - 5*a = 113. Calculate the greatest common divisor of l and r.
8
Let s(f) = 9*f - 8 - 19 - 9. Let i be s(8). Let v be (4/14 - i/28) + 50. What is the greatest common factor of v and 7?
7
Suppose 2*c - 2*s + 6 = 0, c - 3 = -4*s + 9. Suppose -2*h + 65 - 49 = c. Calculate the greatest common divisor of h and 232.
8
Let v be (564/(-18))/((-1)/(-6)). Let p = v - -341. What is the highest common divisor of p and 9?
9
Suppose -317 = -23*o - 64. Suppose -5 = d - o. What is the greatest common factor of d and 426?
6
Suppose 5*u + 31 = -2*y, 4*y - 4319*u + 4318*u = 15. Calculate the highest common divisor of 29 and y.
1
Let k(p) = -36*p**2 + 3865*p + 13. Let u be k(107). What is the greatest common factor of 4368 and u?
156
Suppose 7*h + 27 + 29 = 0. Let w be -2*12/h - -27. Suppose 213 = 3*p + 4*c, -2*c - 92 = -3*p + 139. What is the highest common divisor of w and p?
15
Suppose 15*y + 5720 = -5*y. Let f = -268 - y. Calculate the greatest common factor of f and 12.
6
Let q = 1671 - 1654. Suppose 3*g = 3*j - 27, 3*j - g - 21 = -0*g. What is the highest common factor of j and q?
1
Let d be (1/(-5) + 36/(-45))*-8. Suppose 2*u = 3*z - d, u - 16 = -z - u. What is the greatest common factor of z and 30?
6
Suppose 0 = 3*y - n - 471, 12*y - 8*y - 615 = -3*n. What is the greatest common divisor of 5 and y?
1
Suppose -5*t - h = -40370, -64592 = -15*t + 7*t - 3*h. What is the greatest common divisor of t and 22?
22
Let w(z) = -156*z + 630. Let h be w(4). Let s = -16 - -15. Let m be (s + -5)*8*-1. What is the highest common factor of m and h?
6
Suppose -69 = 7*o + 1. Let i(t) = t + 13. Let p be i(o). Suppose -16 = j - p*j. Calculate the greatest common divisor of 40 and j.
8
Let m be (-3)/(4/18 + 11990/(-53550)). Let p be (0 - -2)/(17/(m/10)). Calculate the highest common divisor of 7 and p.
7
Let s(u) = -8 + 4 + 0 - 16 - 8*u. Let y be s(-10). Suppose 149 = 4*f + 2*p + 53, -2*f + y = 4*p. What is the highest common factor of f and 176?
22
Let l = 893 - 865. Let i(k) = 6*k + 3. Let q be i(3). Calculate the greatest common factor of l and q.
7
Let y = -14217 + 14252. What is the greatest common factor of y and 5285?
35
Let q(m) = 170*m**2 + 20*m + 9. Let j be q(5). Calculate the highest common factor of j and 9.
3
Suppose -29751 = -109*b + 2622. What is the highest common factor of 154 and b?
11
Let t(r) = 2*r**2 + r - 1. Let w be t(-3). Let m(s) = -s**3 + 26*s**2 + 29*s + 44. Let a be m(27). What is the greatest common factor of a and w?
14
Let c = -160 - -380. Suppose 62437*o = 62550*o - 34 - 19854. What is the highest common divisor of c and o?
44
Suppose -219 + 55087 = 116*u. Calculate the highest common factor of u and 11.
11
Suppose 5*n - 3*r = -390, -385 = 3*n + 2*n - 2*r. Let x = 89 + n. What is the highest common divisor of 14 and x?
14
Let r be (-5)/((-10)/118)*1. Let q = r - 43. Calculate the highest common divisor of q and 112.
16
Let f be (-19 - 4023/18)*-2. What is the greatest common factor of 65 and f?
5
Let u = 558 + -528. Let r be (12/u)/(3/105). Let z = 8 + -6. What is the greatest common factor of r and z?
2
Let b = -97 + 109. Suppose n - 2*r = b, -3*n = -2*n + 2*r + 4. Calculate the greatest common factor of 7 and n.
1
Let g = -41 + 161. Let k = -16444 - -16468. What is the greatest common divisor of k and g?
24
Let n be -1 + 20/12 + 28/(-6). Let y be 1 + (n - -4) + 15. Suppose 3*d - 7*d + y = 0. Calculate the highest common factor of d and 44.
4
Let a(o) = 46*o + 2078. Let q be a(19). Calculate the highest common divisor of 288 and q.
72
Let v be ((-258)/3 + -19)*20/(-6). What is the greatest common factor of 224 and v?
14
Let p = -6711 - -8474. Calculate the highest common factor of p and 123.
41
Suppose 16*w = 5*w + 99. Suppose -w*x - 130 = -14*x. Calculate the greatest common factor of x and 39.
13
Let p = 590 - 588. Suppose 31*b - 28*b - 3364 = -p*h, -5605 = -5*b - 5*h. Calculate the greatest common factor of b and 33.
33
Suppose -3*d + 9 = 0, -6*d - 295 = -2*t - 3*d. Calculate the greatest common divisor of 836 and t.
76
Suppose 7030 = 7*i + 2438. Let j = -376 + i. Calculate the highest common divisor of 35 and j.
35
Let i be 8*1*1/1. Suppose -34*d + 338 = 5*c - 36*d, 3*d = -c + 105. What is the greatest common divisor of i and c?
8
Suppose -29 = -5*q + 1, 3*c - 4*q - 171 = 0. Calculate the greatest common factor of c and 52.
13
Suppose 4*j + 3*x - 566 = 0, -18*j + 135 = -17*j + 4*x. What is the highest common factor of 99 and j?
11
Let k be (14/(-2) + 1)/(6/(-33)). Let y be 835/8 + k/(-88). Calculate the highest common divisor of 8 and y.
8
Let o(b) = -537*b + 52. Let k b